{"id":791,"date":"2012-09-24T17:05:56","date_gmt":"2012-09-24T17:05:56","guid":{"rendered":"http:\/\/www.groupevocalarcenciel.fr\/?page_id=791"},"modified":"2012-10-17T17:53:11","modified_gmt":"2012-10-17T17:53:11","slug":"des-videos-de-concert","status":"publish","type":"page","link":"https:\/\/www.groupevocalarcenciel.fr\/?page_id=791","title":{"rendered":"Des vid\u00e9os de concert"},"content":{"rendered":"<p>Premi\u00e8re vid\u00e9o mise en ligne par notre ami Bruno CECCI. Un beau travail de d\u00e9coupage.<\/p>\n<ul>\n<li>Extrait du concert donn\u00e9 avec Andr\u00e9 CHIRON \u00e0 Althen les Paluds en f\u00e9vrier 2010.<\/li>\n<\/ul>\n<p><a href=\"http:\/\/www.youtube.com\/watch?v=W-TV0numr_A\">http:\/\/www.youtube.com\/watch?v=W-TV0numr_A<\/a><\/p>\n<ul>\n<li>&lsquo;In excelsis gloria&rsquo;\u00a0interpr\u00e9t\u00e9 par Marc SEISSON et ARC en CIEL en 2009 lors du concert de No\u00ebl avec N.RIEU.<\/li>\n<\/ul>\n<p><a href=\"http:\/\/www.youtube.com\/watch?v=cBp_-tw-QKQ\">http:\/\/www.youtube.com\/watch?v=cBp_-tw-QKQ<\/a><\/p>\n","protected":false},"excerpt":{"rendered":"<p>Premi\u00e8re vid\u00e9o mise en ligne par notre ami Bruno CECCI. Un beau travail de d\u00e9coupage. Extrait du concert donn\u00e9 avec Andr\u00e9 CHIRON \u00e0 Althen les Paluds en f\u00e9vrier 2010. http:\/\/www.youtube.com\/watch?v=W-TV0numr_A &lsquo;In excelsis gloria&rsquo;\u00a0interpr\u00e9t\u00e9 par Marc SEISSON et ARC en CIEL &hellip; <a href=\"https:\/\/www.groupevocalarcenciel.fr\/?page_id=791\">Continuer la lecture <span class=\"meta-nav\">&rarr;<\/span><\/a><\/p>\n","protected":false},"author":2,"featured_media":0,"parent":753,"menu_order":10,"comment_status":"closed","ping_status":"closed","template":"","meta":[],"_links":{"self":[{"href":"https:\/\/www.groupevocalarcenciel.fr\/index.php?rest_route=\/wp\/v2\/pages\/791"}],"collection":[{"href":"https:\/\/www.groupevocalarcenciel.fr\/index.php?rest_route=\/wp\/v2\/pages"}],"about":[{"href":"https:\/\/www.groupevocalarcenciel.fr\/index.php?rest_route=\/wp\/v2\/types\/page"}],"author":[{"embeddable":true,"href":"https:\/\/www.groupevocalarcenciel.fr\/index.php?rest_route=\/wp\/v2\/users\/2"}],"replies":[{"embeddable":true,"href":"https:\/\/www.groupevocalarcenciel.fr\/index.php?rest_route=%2Fwp%2Fv2%2Fcomments&post=791"}],"version-history":[{"count":9,"href":"https:\/\/www.groupevocalarcenciel.fr\/index.php?rest_route=\/wp\/v2\/pages\/791\/revisions"}],"predecessor-version":[{"id":845,"href":"https:\/\/www.groupevocalarcenciel.fr\/index.php?rest_route=\/wp\/v2\/pages\/791\/revisions\/845"}],"up":[{"embeddable":true,"href":"https:\/\/www.groupevocalarcenciel.fr\/index.php?rest_route=\/wp\/v2\/pages\/753"}],"wp:attachment":[{"href":"https:\/\/www.groupevocalarcenciel.fr\/index.php?rest_route=%2Fwp%2Fv2%2Fmedia&parent=791"}],"curies":[{"name":"wp","href":"https:\/\/api.w.org\/{rel}","templated":true}]}}