{"id":720,"date":"2012-09-05T19:56:43","date_gmt":"2012-09-05T19:56:43","guid":{"rendered":"http:\/\/www.groupevocalarcenciel.fr\/?page_id=720"},"modified":"2013-10-24T09:06:11","modified_gmt":"2013-10-24T09:06:11","slug":"les-status-de-lassociation","status":"publish","type":"page","link":"https:\/\/www.groupevocalarcenciel.fr\/?page_id=720","title":{"rendered":"Les Statuts de l&rsquo;Association"},"content":{"rendered":"<h1><span style=\"color: #000000;\">Groupe Vocal ARC EN CIEL<\/span><\/h1>\n<p><span style=\"font-family: Tahoma; color: #000000;\">\u00a0<\/span><strong><span style=\"color: #000000;\">Association N\u00b0 3413-85<\/span><\/strong><\/p>\n<p><strong><span style=\"color: #000000;\">Agr\u00e9ment Jeunesse et sports n\u00b0 13-04-JEP-045<\/span><\/strong><\/p>\n<p align=\"center\">\u00a0<span style=\"color: #000000;\"><strong>STATUTS DE L&rsquo;ASSOCIATION \u00ab\u00a0GROUPE VOCAL ARC EN CIEL\u00ab<\/strong><\/span><\/p>\n<p align=\"center\"><strong><span style=\"color: #000000;\">CHATEAURENARD DE PROVENCE<\/span><\/strong><span style=\"font-family: Tahoma; color: #000000;\">\u00a0<\/span><\/p>\n<p><strong><span style=\"color: #000000;\">TITRE 1 : BUTS ET MOYENS DE L&rsquo;ASSOCIATION<\/span><\/strong><\/p>\n<p><span style=\"color: #000000;\"><strong>Article 1<\/strong> : Il est cr\u00e9\u00e9 \u00e0 Ch\u00e2teaurenard, une association d&rsquo;Education populaire r\u00e9gie par la loi du 1er juillet 1901 et d\u00e9nomm\u00e9e \u00ab\u00a0GROUPE VOCAL ARC EN CIEL\u00a0\u00bb<\/span><\/p>\n<p><span style=\"font-family: Tahoma; color: #000000;\">\u00a0<\/span><span style=\"color: #000000;\">Sa dur\u00e9e est illimit\u00e9e, <\/span><\/p>\n<p><span style=\"color: #000000;\">Son si\u00e8ge social est situ\u00e9 depuis le 14\/10\/2006, date de la derni\u00e8re Assembl\u00e9e G\u00e9n\u00e9rale, \u00e0 l&rsquo;adresse suivante : <\/span><\/p>\n<p><span style=\"color: #000000;\"><span style=\"font-family: Tahoma;\">\u00a0\u00a0\u00a0\u00a0\u00a0\u00a0\u00a0\u00a0\u00a0\u00a0\u00a0\u00a0\u00a0\u00a0\u00a0\u00a0\u00a0\u00a0 <strong>Maison des Associations<\/strong><\/span><\/span><\/p>\n<p><span><strong><span style=\"font-family: Georgia;\"><span style=\"color: #000000;\"><span style=\"font-family: Tahoma;\">\u00a0\u00a0\u00a0 <\/span><span style=\"color: #000000;\">\u00a0\u00a0\u00a0\u00a0\u00a0\u00a0\u00a0\u00a0\u00a0\u00a0\u00a0\u00a0\u00a0\u00a0\u00a0\u00a0\u00a0 7, rue A. Ginoux<\/span><\/span><\/span><\/strong><\/span><\/p>\n<p><strong><span style=\"font-family: Tahoma;\"><span style=\"color: #000000;\">\u00a0\u00a0\u00a0\u00a0\u00a0\u00a0\u00a0\u00a0\u00a0\u00a0\u00a0\u00a0\u00a0\u00a0\u00a0\u00a0\u00a0\u00a0 13160 CHATEAURENARD<\/span><\/span><\/strong><\/p>\n<p><span style=\"font-family: Tahoma; color: #000000;\">\u00a0<\/span><span style=\"color: #000000;\">Il pourra \u00eatre transf\u00e9r\u00e9 en tout autre lieu sur d\u00e9cision de son conseil d&rsquo;Administrtion.<\/span><\/p>\n<p><span style=\"color: #000000;\"><strong>Article<span style=\"font-family: Tahoma;\">\u00a0 2 <\/span><\/strong>: Cette association organise toute action d&rsquo;Education permanente, culturelle et artistique, dans le domaine du chant choral et de la musique.<\/span><\/p>\n<p><span style=\"color: #000000;\">Ses moyens d&rsquo;action sont la tenue de r\u00e9p\u00e9titions r\u00e9guli\u00e8res, et l&rsquo;organisation d&rsquo;animations publiques sous la forme de concerts.<\/span><\/p>\n<p><span style=\"color: #000000;\"><strong>Article 3<\/strong> : L&rsquo;information culturelle, philosophique et religieuse, \u00e9conomique et sociale, politique et civique sera abord\u00e9e avec le souci de proscrire toute propagande, pression et endoctrinement et dans le respect et la personnalit\u00e9 de chacun.<\/span><\/p>\n<p><strong><span style=\"color: #000000;\">TITRE<span style=\"font-family: Tahoma;\">\u00a0 2 : COMPOSITION DE L&rsquo;ASSOCIATION<\/span><\/span><\/strong><strong><span style=\"font-family: Tahoma; color: #000000;\">\u00a0<\/span><\/strong><\/p>\n<p><span style=\"color: #000000;\"><strong>Article 4<\/strong> : L&rsquo;association peut comprendre : <\/span><\/p>\n<p><span style=\"font-family: Tahoma;\"><span style=\"color: #000000;\">\u00a0\u00a0\u00a0\u00a0\u00a0\u00a0\u00a0\u00a0 &#8211; Les membres adh\u00e9rents, ou usagers ou membres actifs, r\u00e9guli\u00e8rement inscrits et assujettis au paiement d&rsquo;une cotisation annuelle.<\/span><\/span><\/p>\n<p><span style=\"font-family: Tahoma;\"><span style=\"color: #000000;\">\u00a0\u00a0\u00a0\u00a0\u00a0\u00a0\u00a0\u00a0 &#8211; Des membres d&rsquo;honneur : ce titre peut \u00eatre d\u00e9cern\u00e9 par le Conseil d&rsquo;Administration aux personnes qui rendent ou qui ont rendu des services signal\u00e9s \u00e0 l&rsquo;Association. Ce titre leur conf\u00e8re le droit de faire partie de l&rsquo;Assembl\u00e9e G\u00e9n\u00e9rale. Ces membres d&rsquo;honneur ne sont pas tenus de payer une cotisation. <\/span><\/span><\/p>\n<p><span style=\"font-family: Tahoma;\"><span style=\"color: #000000;\">\u00a0\u00a0\u00a0\u00a0\u00a0\u00a0\u00a0\u00a0 &#8211; Des membres de droit<\/span><\/span><\/p>\n<p><span style=\"color: #000000;\"><strong>Article 5<\/strong> : La qualit\u00e9 de membre de l&rsquo;Association se perd : <\/span><\/p>\n<p><span style=\"font-family: Tahoma;\"><span style=\"color: #000000;\">\u00a0\u00a0\u00a0\u00a0\u00a0\u00a0\u00a0\u00a0 &#8211; Par d\u00e9mission,<\/span><\/span><\/p>\n<p><span style=\"font-family: Tahoma;\"><span style=\"color: #000000;\">\u00a0\u00a0\u00a0\u00a0\u00a0\u00a0\u00a0\u00a0 &#8211; Par radiation, pour non paiement de la cotisation, prononc\u00e9e apr\u00e8s pr\u00e9avis de 3 mois par le Conseil d&rsquo;Administration,<\/span><\/span><\/p>\n<p><span style=\"font-family: Tahoma;\"><span style=\"color: #000000;\">\u00a0\u00a0\u00a0\u00a0\u00a0\u00a0\u00a0\u00a0 &#8211; Par radiation, pour faute grave prononc\u00e9e par le Conseil d&rsquo;Administration, l&rsquo;int\u00e9ress\u00e9 ayant \u00e9t\u00e9 pr\u00e9alablement appel\u00e9 \u00e0 prononcer sa d\u00e9fense, sauf recours non suspensif devant l&rsquo;Assembl\u00e9e G\u00e9n\u00e9rale qui statue en dernier ressort,<\/span><\/span><\/p>\n<p><span style=\"font-family: Tahoma;\"><span style=\"color: #000000;\">\u00a0\u00a0\u00a0\u00a0\u00a0\u00a0\u00a0\u00a0 &#8211; Par d\u00e9c\u00e8s.<\/span><\/span><\/p>\n<p><strong><span style=\"color: #000000;\">TITRE 3 : ADMINISTRATION ET FONCTIONNEMENT<\/span><\/strong><\/p>\n<p><strong><em><span style=\"color: #000000;\">A. LE CONSEIL D&rsquo;ADMINISTRATION<\/span><\/em><\/strong><\/p>\n<p><span style=\"font-family: Tahoma; color: #000000;\">\u00a0<\/span><span style=\"color: #000000;\"><strong>Article 6<\/strong> : L&rsquo;Association est administr\u00e9e par un Conseil d&rsquo;Administration de 9, 12, 15, 18 membres, \u00e9lus par l&rsquo;Assembl\u00e9e G\u00e9n\u00e9rale. <\/span><\/p>\n<p><span style=\"color: #000000;\">Ces membres sont \u00e9lus au scrutin secret pour une dur\u00e9e de 3 ans. Les membres sortants sont r\u00e9\u00e9ligibles. Ils sont d\u00e9sign\u00e9s par tirage au sort pour la 1\u00e8re et la 2\u00e8me ann\u00e9e.<\/span><\/p>\n<p><span style=\"color: #000000;\">Les membres \u00e2g\u00e9s de moins de 16 ans ne peuvent participer \u00e0 aucun titre, ni \u00e0 l&rsquo;Assembl\u00e9e G\u00e9n\u00e9rale, ni au Conseil.<\/span><\/p>\n<p><span style=\"color: #000000;\">En cas de vacance, le Conseil peut pourvoir provisoirement au remplacement de ses membres. Il est proc\u00e9d\u00e9 \u00e0<span style=\"font-family: Tahoma;\">\u00a0 leur remplacement d\u00e9finitif par la plus prochaine Assembl\u00e9e G\u00e9n\u00e9rale. Les pouvoirs des membres ainsi \u00e9lus prennent fin \u00e0 l&rsquo;\u00e9poque o\u00f9 devrait normalement expirer le mandat des membres remplac\u00e9s.<\/span><\/span><\/p>\n<p><span style=\"color: #000000;\">Les membres \u00e2g\u00e9s de plus de 16 ans peuvent \u00eatre \u00e9lus au Conseil d&rsquo;Administration, sous r\u00e9serve que 50 % au moins des membres du Conseil d&rsquo;Administration soient majeurs.<\/span><\/p>\n<p><span style=\"color: #000000;\"><strong>Article 7 <\/strong>: Le Conseil d&rsquo;Administration se r\u00e9unit sur convocation du Pr\u00e9sident :\u00a0<\/span><span style=\"font-family: Tahoma;\"><span style=\"color: #000000;\">\u00a0\u00a0\u00a0\u00a0\u00a0\u00a0\u00a0 <\/span><\/span><\/p>\n<p><span style=\"font-family: Tahoma;\"><span style=\"color: #000000;\">\u00a0\u00a0\u00a0\u00a0\u00a0\u00a0\u00a0\u00a0 &#8211; En session normale au moins 1 fois par trimestre,<\/span><\/span><\/p>\n<p><span style=\"font-family: Tahoma;\"><span style=\"color: #000000;\">\u00a0\u00a0\u00a0\u00a0\u00a0\u00a0\u00a0\u00a0 &#8211; En session extraordinaire, lorsque son bureau le juge n\u00e9cessaire ou sur demande du tiers au moins de ses membres pr\u00e9sents ou repr\u00e9sent\u00e9s.<\/span><\/span><\/p>\n<p><span style=\"color: #000000;\">La pr\u00e9sence du tiers au moins de ses membres est n\u00e9cessaire pour la validit\u00e9 de ses d\u00e9lib\u00e9rations. Il est tenu proc\u00e8s-verbal des s\u00e9ances. Les proc\u00e8s-verbaux sont transcrits sans blanc ni rature sur un registre, c\u00f4t\u00e9 et paraph\u00e9 par le Pr\u00e9fet ou son D\u00e9l\u00e9gu\u00e9.<\/span><\/p>\n<p><span style=\"color: #000000;\"><strong>Article 8 <\/strong>: Le Conseil d&rsquo;Administration \u00e9lit parmi ses membres, au scrutin secret, et pour un an, son bureau qui peut comprendre :<\/span><\/p>\n<p><span style=\"font-family: Tahoma;\"><span style=\"color: #000000;\">\u00a0\u00a0\u00a0\u00a0\u00a0\u00a0\u00a0\u00a0 &#8211; Le Pr\u00e9sident,<\/span><\/span><\/p>\n<p><span style=\"font-family: Tahoma;\"><span style=\"color: #000000;\">\u00a0\u00a0\u00a0\u00a0\u00a0\u00a0\u00a0\u00a0 &#8211; Un ou plusieurs vice-pr\u00e9sidents,<\/span><\/span><\/p>\n<p><span style=\"font-family: Tahoma;\"><span style=\"color: #000000;\">\u00a0\u00a0\u00a0\u00a0\u00a0\u00a0\u00a0\u00a0 &#8211; Un secr\u00e9taire et \u00e9ventuellement un secr\u00e9taire adjoint,<\/span><\/span><\/p>\n<p><span style=\"font-family: Tahoma;\"><span style=\"color: #000000;\">\u00a0\u00a0\u00a0\u00a0\u00a0\u00a0\u00a0\u00a0 &#8211; Un tr\u00e9sorier et \u00e9ventuellement un tr\u00e9sorier adjoint,<\/span><\/span><\/p>\n<p><span style=\"font-family: Tahoma;\"><span style=\"color: #000000;\">\u00a0\u00a0\u00a0\u00a0\u00a0\u00a0\u00a0\u00a0 &#8211; Un ou plusieurs membres.<\/span><\/span><br \/>\n<span style=\"color: #000000;\">Les postes de Pr\u00e9sident, secr\u00e9taire g\u00e9n\u00e9ral ou secr\u00e9taire et tr\u00e9sorier devront obligatoirement \u00eatre occup\u00e9s par des membres du Conseil d&rsquo;Administration, \u00e2g\u00e9s de plus de 18 ans.<\/span><span style=\"font-family: Tahoma; color: #000000;\">\u00a0<\/span><\/p>\n<p><span style=\"color: #000000;\">Les membres du Conseil d&rsquo;Administration, ceux du Bureau et ceux de <span style=\"font-family: Tahoma;\">la Commission d&rsquo;Apurement des comptes ne peuvent recevoir aucune r\u00e9tribution en raison des fonctions qui leur sont confi\u00e9es.<\/span><\/span><\/p>\n<p><span style=\"color: #000000;\">Le rapport financier pr\u00e9sent\u00e9 \u00e0 l&rsquo;Assembl\u00e9e G\u00e9n\u00e9rale devra faire mention du remboursement des frais de mission, de d\u00e9placement ou de repr\u00e9sentations pay\u00e9s \u00e0 des membres du Conseil.<\/span><span style=\"font-family: Tahoma; color: #000000;\">\u00a0<\/span><\/p>\n<p><span style=\"color: #000000;\"><strong>Article 9<\/strong> : Le Conseil d&rsquo;Administration r\u00e8gle la marche g\u00e9n\u00e9rale de l&rsquo;Association. Il propose \u00e0 l&rsquo;approbation de l&rsquo;Assembl\u00e9e G\u00e9n\u00e9rale, le rapport moral, le compte d&rsquo;exploitation de l&rsquo;ann\u00e9e \u00e9coul\u00e9e et le projet de budget pour l&rsquo;ann\u00e9e \u00e0 venir. Il \u00e9tablit les demandes de subvention \u00e0 adresser aux collectivit\u00e9s locales et les utilise selon les attributions et dans les conditions qui lui sont fix\u00e9es.<\/span><\/p>\n<p><span style=\"color: #000000;\">Les d\u00e9lib\u00e9rations du Conseil d&rsquo;Administration relatives aux acquisitions, \u00e9changes et ali\u00e9nations des immeubles n\u00e9cessaires au but poursuivi par l&rsquo;Association, constitution d&rsquo;hypoth\u00e8que sur les dits immeubles, baux exc\u00e9dant 9 ans, ali\u00e9nation des biens d\u00e9pendant du fonds de r\u00e9serve et emprunts doivent \u00eatre soumis \u00e0 l&rsquo;approbation de l&rsquo;Assembl\u00e9e G\u00e9n\u00e9rale.<\/span><\/p>\n<p><span style=\"color: #000000;\">Tous les autres actes permis \u00e0 l&rsquo;Association sont de la comp\u00e9tence du Conseil d&rsquo;Administration.<\/span><\/p>\n<p><span style=\"color: #000000;\">Il peut s&rsquo;adjoindre avec voix consultative seulement, des animateurs r\u00e9tribu\u00e9s ou tout autre personne dont la pr\u00e9sence appara\u00eetrait n\u00e9cessaire en raison de sa comp\u00e9tence particuli\u00e8re.<\/span><\/p>\n<p><span style=\"color: #000000;\"><strong>Article 10<\/strong> : Le bureau ex\u00e9cute les d\u00e9cisions du Conseil d&rsquo;Administration. Les recettes sont approuv\u00e9es et les d\u00e9penses sont ordonnanc\u00e9es par le Pr\u00e9sident ou le Tr\u00e9sorier.<\/span><\/p>\n<p><span style=\"color: #000000;\">L&rsquo;Association est repr\u00e9sent\u00e9e en justice et dans la vie civile par son Pr\u00e9sident ou par tout personne d\u00fbment mandat\u00e9e par lui \u00e0 cet effet ; le repr\u00e9sentant de l&rsquo;Association doit \u00eatre fran\u00e7ais et jouir du plein exercice de ses droits civils et politiques.<\/span><\/p>\n<p><span style=\"color: #000000;\"><strong>Article 11<\/strong> : Le Conseil d&rsquo;Administration \u00e9labore \u00e9ventuellement le r\u00e8glement int\u00e9rieur de l&rsquo;Association, r\u00e8glement \u00e0 soumettre \u00e0 l&rsquo;Assembl\u00e9e G\u00e9n\u00e9rale.\u00a0<\/span><span style=\"font-family: Tahoma; color: #000000;\">\u00a0<\/span><\/p>\n<p><strong><em><span style=\"color: #000000;\">B. L&rsquo;ASSEMBLEE GENERALE<\/span><\/em><\/strong><\/p>\n<p><span style=\"color: #000000;\"><strong>Article 12<\/strong> : L&rsquo;Assembl\u00e9e g\u00e9n\u00e9rale se r\u00e9unit sur convocation du Pr\u00e9sident ou de son repr\u00e9sentant : <\/span><\/p>\n<p><span style=\"font-family: Tahoma;\"><span style=\"color: #000000;\">\u00a0\u00a0\u00a0\u00a0\u00a0\u00a0\u00a0\u00a0 &#8211; En session normale une fois l&rsquo;an,<\/span><\/span><\/p>\n<p><span style=\"font-family: Tahoma;\"><span style=\"color: #000000;\">\u00a0\u00a0\u00a0\u00a0\u00a0\u00a0\u00a0\u00a0 &#8211; En session extraordinaire, sur la d\u00e9cision du Conseil d&rsquo;Administration ou sur la demande du quart au moins des membres qui la composent. <\/span><\/span><\/p>\n<p><span style=\"color: #000000;\">Ses d\u00e9cisions sont obligatoires pour tous.<\/span><\/p>\n<p><span style=\"color: #000000;\">Pour toute assembl\u00e9e, les convocations doivent \u00eatre envoy\u00e9es au moins 15 jours \u00e0 l&rsquo;avance et pr\u00e9ciser l&rsquo;ordre du jour.<\/span><\/p>\n<p><span style=\"color: #000000;\">En dehors des mati\u00e8res port\u00e9es \u00e0 l&rsquo;ordre du jour, toute proposition portant la signature de 2 membres et d\u00e9pos\u00e9e au Secr\u00e9tariat au moins 8 jours avant la r\u00e9union, pourra \u00eatre soumise \u00e0 l&rsquo;Assembl\u00e9e.<\/span><\/p>\n<p><span style=\"color: #000000;\">Sont \u00e9lecteurs, tous les membres de l&rsquo;Association \u00e2g\u00e9s de 16 ans au moins au jour de l&rsquo;Assembl\u00e9e, ayant adh\u00e9r\u00e9 \u00e0 l&rsquo;Association depuis plus de 6 mois et \u00e0 jour de leur cotisation.<\/span><\/p>\n<p><span style=\"color: #000000;\">Le vote par procuration est autoris\u00e9.<\/span><\/p>\n<p><span style=\"color: #000000;\"><strong>Article 13<\/strong> : L&rsquo;Assembl\u00e9e G\u00e9n\u00e9rale r\u00e9unie en session normale, \u00e9lit au scrutin secret, les membres du Conseil d&rsquo;Administration ou elle pourvoit \u00e0 leur renouvellement annuel. Elle peut les r\u00e9voquer si les question figure \u00e0 l&rsquo;ordre du jour.<\/span><\/p>\n<p><span style=\"color: #000000;\">Elle nomme \u00e9galement les membres de <span style=\"font-family: Tahoma;\">la Commission d&rsquo;apurement des comptes (en pr\u00e9ciser le nombre). Ces commissaires aux comptes doivent \u00eatre choisis en dehors du Conseil d&rsquo;Administration.<\/span><\/span><\/p>\n<p><span style=\"color: #000000;\">Le Bureau de l&rsquo;Assembl\u00e9e G\u00e9n\u00e9rale a pour mission de d\u00e9lib\u00e9rer sur les questions port\u00e9es \u00e0 l&rsquo;ordre du jour par le Conseil d&rsquo;Administration et notamment sur le rapport moral et financier.<\/span><span style=\"font-family: Tahoma; color: #000000;\">\u00a0<\/span><\/p>\n<p><span style=\"color: #000000;\">Elle approuve les comptes de l&rsquo;exercice clos et le budget de l&rsquo;exercice suivant et fixe le taux de la cotisation annuelle des membres.<\/span><\/p>\n<p><span style=\"color: #000000;\">Les d\u00e9cisions sont prises \u00e0 la majorit\u00e9 des voix des membres pr\u00e9sents ou repr\u00e9sent\u00e9s : chaque membre (personne physique ou personne morale) ne dispose que d&rsquo;une seule voix. Elles ne sont valables que sur les questions pr\u00e9alablement mises \u00e0 l&rsquo;ordre du jour . <\/span><\/p>\n<p><span style=\"color: #000000;\">Les collaborateurs r\u00e9tribu\u00e9s n&rsquo;assistent aux s\u00e9ances du Conseil ou aux Assembl\u00e9es G\u00e9n\u00e9rales qu&rsquo;avec voix consultative. <\/span><\/p>\n<p><span style=\"color: #000000;\"><strong>Article 14<\/strong> : L&rsquo;Assembl\u00e9e G\u00e9n\u00e9rale r\u00e9unie en session extraordinaire, ne d\u00e9lib\u00e8re valablement que si le quart des membres est pr\u00e9sent ou repr\u00e9sent\u00e9. <\/span><\/p>\n<p><span style=\"color: #000000;\">Si ce quorum n&rsquo;est pas atteint lors de la premi\u00e8re r\u00e9union, une 2\u00e8me assembl\u00e9e est convoqu\u00e9e au moins 10 jours \u00e0 l&rsquo;avance et elle d\u00e9lib\u00e8re valablement quel que soit le nombre des pr\u00e9sents.<\/span><\/p>\n<p><strong><span style=\"color: #000000;\">TITRE 4 : LES RESSOURCES<\/span><\/strong><strong><span style=\"font-family: Tahoma; color: #000000;\">\u00a0<\/span><\/strong><\/p>\n<p><span style=\"color: #000000;\"><strong>Article 15<\/strong> : Les recettes annuelles de l&rsquo;Association se composent : <\/span><\/p>\n<p><span style=\"font-family: Tahoma;\"><span style=\"color: #000000;\">\u00a0\u00a0\u00a0\u00a0\u00a0\u00a0\u00a0\u00a0 &#8211; De la partie de revenu de ses biens,<\/span><\/span><\/p>\n<p><span style=\"font-family: Tahoma;\"><span style=\"color: #000000;\">\u00a0\u00a0\u00a0\u00a0\u00a0\u00a0\u00a0\u00a0 &#8211; Des cotisations et des souscriptions de ses membres,<\/span><\/span><\/p>\n<p><span style=\"font-family: Tahoma;\"><span style=\"color: #000000;\">\u00a0\u00a0\u00a0\u00a0\u00a0\u00a0\u00a0\u00a0 &#8211; Des subventions,<\/span><\/span><\/p>\n<p><span style=\"font-family: Tahoma;\"><span style=\"color: #000000;\">\u00a0\u00a0\u00a0\u00a0\u00a0\u00a0\u00a0\u00a0 &#8211; Des produits des dons, lib\u00e9ralit\u00e9s et ressources diverses autoris\u00e9s par l&rsquo;autorit\u00e9 comp\u00e9tente.<\/span><\/span><\/p>\n<p><span style=\"color: #000000;\"><strong>Article 16 <\/strong>: Il est tenu au jour le jour, une comptabilit\u00e9 deniers par recettes et d\u00e9penses et une comptabilit\u00e9 mati\u00e8res selon les r\u00e8gles administratives.<\/span><span style=\"font-family: Tahoma; color: #000000;\">\u00a0<\/span><\/p>\n<p><span style=\"color: #000000;\"><strong>TITRE 5 : MODIFICATION DES STATUTS \u2013 DISSOLUTIO<\/strong>N<\/span><\/p>\n<p><span style=\"color: #000000;\"><strong>Article 17<\/strong> : Les statuts ne peuvent \u00eatre modifi\u00e9s qu&rsquo;en Assembl\u00e9e G\u00e9n\u00e9rale Extraordinaire et sur la proposition : <\/span><\/p>\n<p><span style=\"font-family: Tahoma;\"><span style=\"color: #000000;\">\u00a0\u00a0\u00a0\u00a0\u00a0\u00a0\u00a0\u00a0 &#8211; Du Conseil d&rsquo;Administration,<\/span><\/span><\/p>\n<p><span style=\"font-family: Tahoma;\"><span style=\"color: #000000;\">\u00a0\u00a0\u00a0\u00a0\u00a0\u00a0\u00a0\u00a0 &#8211; Ou du quart au moins des membres qui composent l&rsquo;Assembl\u00e9e G\u00e9n\u00e9rale.<\/span><\/span><\/p>\n<p><span style=\"color: #000000;\">Le texte des modifications doit \u00eatre communiqu\u00e9 aux membres de l&rsquo;Assembl\u00e9e G\u00e9n\u00e9rale au moins 1 mois avant la r\u00e9union de l&rsquo;Assembl\u00e9e G\u00e9n\u00e9rale.<\/span><\/p>\n<p><span style=\"color: #000000;\">L&rsquo;Assembl\u00e9e G\u00e9n\u00e9rale d\u00e9lib\u00e8re alors dans les conditions de quorum pr\u00e9vues \u00e0 l&rsquo;article 14. Dans tous les cas, les statuts ne peuvent \u00eatre modifi\u00e9s qu&rsquo;\u00e0 la majorit\u00e9 des 2\/3 des membres pr\u00e9sents.<\/span><\/p>\n<p><span style=\"color: #000000;\"><strong>Article 18<\/strong> : L&rsquo;Assembl\u00e9e G\u00e9n\u00e9rale appel\u00e9e \u00e0 se prononcer sur la dissolution de l&rsquo;Association convoqu\u00e9e sp\u00e9cialement \u00e0 cet effet, doit comprendre au moins la moiti\u00e9 plus 1 des membres en exercice.<\/span><\/p>\n<p><span style=\"color: #000000;\">Si cette proportion n&rsquo;est pas atteinte, l&rsquo;assembl\u00e9e est convoqu\u00e9e \u00e0 nouveau mais \u00e0 15 jours au moins d&rsquo;intervalle, et cette fois, elle peut valablement d\u00e9lib\u00e9rer, quel que soit le nombre des membres pr\u00e9sents.<\/span><\/p>\n<p><span style=\"color: #000000;\"><strong>Article 19<\/strong> : En cas de dissolution, l&rsquo;Assembl\u00e9e G\u00e9n\u00e9rale d\u00e9signe un ou plusieurs commissaires charg\u00e9s de la liquidation et de la d\u00e9volution des biens sous le contr\u00f4le des services du Secr\u00e9tariat d&rsquo;Etat \u00e0 <span style=\"font-family: Tahoma;\">la Jeunesse et aux Sports. Ces biens seront attribu\u00e9s \u00e0 une ou plusieurs associations poursuivant les m\u00eames buts.<\/span><\/span><\/p>\n<p><span style=\"color: #000000;\">En aucun cas, les membres de l&rsquo;Association ne pourront se voir attribuer, en dehors de la reprise d&rsquo;un apport \u00e9ventuel, une part quelconque des biens.<\/span><\/p>\n<p><span style=\"color: #000000;\"><strong>Article 20 <\/strong>: Les d\u00e9lib\u00e9rations de l&rsquo;Assembl\u00e9e G\u00e9n\u00e9rale pr\u00e9vues aux articles 18 et 19 sont imm\u00e9diatement adress\u00e9es \u00e0 <span style=\"font-family: Tahoma;\">la Pr\u00e9fecture et \u00e0 <\/span><span style=\"font-family: Tahoma;\">la Direction D\u00e9partementale de <\/span><span style=\"font-family: Tahoma;\">la Jeunesse et des Sports.<\/span><\/span><\/p>\n<p><strong><span style=\"color: #000000;\">TITRE 6 : FORMALITES ET CONTROLE DES AUTORITES PUBLIQUES<\/span><\/strong><strong><span style=\"font-family: Tahoma; color: #000000;\">\u00a0<\/span><\/strong><\/p>\n<p><span style=\"color: #000000;\"><strong>Article 21<\/strong> : Le Pr\u00e9sident doit faire conna\u00eetre dans le mois suivant, \u00e0 <span style=\"font-family: Tahoma;\">la Pr\u00e9fecture du D\u00e9partement (ou \u00e0 <\/span><span style=\"font-family: Tahoma;\">la Sous-Pr\u00e9fecture de l&rsquo;arrondissement) et au Service de <\/span><span style=\"font-family: Tahoma;\">la Jeunesse et des Sports, tous les changements survenus dans l&rsquo;Administration ou dans le direction de l&rsquo;Association.<\/span><\/span><\/p>\n<p><span style=\"color: #000000;\">Les registres de l&rsquo;Association et ses pi\u00e8ces de comptabilit\u00e9 sont pr\u00e9sent\u00e9s, sans d\u00e9placements, sur toute r\u00e9quisition du Ministre de l&rsquo;Int\u00e9rieur, du Ministre de <span style=\"font-family: Tahoma;\">la Jeunesse et des Sports et du Pr\u00e9fet, \u00e0 eux-m\u00eames ou \u00e0 leurs d\u00e9l\u00e9gu\u00e9s, ou \u00e0 tout fonctionnaire accr\u00e9dit\u00e9 par eux.<\/span><\/span><\/p>\n<p><span style=\"color: #000000;\">Le rapport annuel et les comptes sont adress\u00e9s chaque ann\u00e9e au Service D\u00e9partemental de <span style=\"font-family: Tahoma;\">la Jeunesse et des Sports.<\/span><\/span><\/p>\n<p><strong><span style=\"color: #000000;\"><span style=\"font-family: Tahoma;\"><br \/>\n<\/span><\/span><\/strong><\/p>\n<p><span style=\"font-family: Tahoma; color: #000000;\">\u00a0<\/span><\/p>\n<p><span style=\"font-family: Tahoma; color: #000000;\">\u00a0<\/span><\/p>\n","protected":false},"excerpt":{"rendered":"<p>Groupe Vocal ARC EN CIEL \u00a0Association N\u00b0 3413-85 Agr\u00e9ment Jeunesse et sports n\u00b0 13-04-JEP-045 \u00a0STATUTS DE L&rsquo;ASSOCIATION \u00ab\u00a0GROUPE VOCAL ARC EN CIEL\u00ab CHATEAURENARD DE PROVENCE\u00a0 TITRE 1 : BUTS ET MOYENS DE L&rsquo;ASSOCIATION Article 1 : Il est cr\u00e9\u00e9 \u00e0 &hellip; <a href=\"https:\/\/www.groupevocalarcenciel.fr\/?page_id=720\">Continuer la lecture <span class=\"meta-nav\">&rarr;<\/span><\/a><\/p>\n","protected":false},"author":2,"featured_media":0,"parent":715,"menu_order":1,"comment_status":"closed","ping_status":"closed","template":"","meta":[],"_links":{"self":[{"href":"https:\/\/www.groupevocalarcenciel.fr\/index.php?rest_route=\/wp\/v2\/pages\/720"}],"collection":[{"href":"https:\/\/www.groupevocalarcenciel.fr\/index.php?rest_route=\/wp\/v2\/pages"}],"about":[{"href":"https:\/\/www.groupevocalarcenciel.fr\/index.php?rest_route=\/wp\/v2\/types\/page"}],"author":[{"embeddable":true,"href":"https:\/\/www.groupevocalarcenciel.fr\/index.php?rest_route=\/wp\/v2\/users\/2"}],"replies":[{"embeddable":true,"href":"https:\/\/www.groupevocalarcenciel.fr\/index.php?rest_route=%2Fwp%2Fv2%2Fcomments&post=720"}],"version-history":[{"count":7,"href":"https:\/\/www.groupevocalarcenciel.fr\/index.php?rest_route=\/wp\/v2\/pages\/720\/revisions"}],"predecessor-version":[{"id":1298,"href":"https:\/\/www.groupevocalarcenciel.fr\/index.php?rest_route=\/wp\/v2\/pages\/720\/revisions\/1298"}],"up":[{"embeddable":true,"href":"https:\/\/www.groupevocalarcenciel.fr\/index.php?rest_route=\/wp\/v2\/pages\/715"}],"wp:attachment":[{"href":"https:\/\/www.groupevocalarcenciel.fr\/index.php?rest_route=%2Fwp%2Fv2%2Fmedia&parent=720"}],"curies":[{"name":"wp","href":"https:\/\/api.w.org\/{rel}","templated":true}]}}