{"id":637,"date":"2012-06-24T14:44:03","date_gmt":"2012-06-24T14:44:03","guid":{"rendered":"http:\/\/www.groupevocalarcenciel.fr\/?page_id=637"},"modified":"2020-06-02T17:41:50","modified_gmt":"2020-06-02T15:41:50","slug":"la-salle-du-real","status":"publish","type":"page","link":"https:\/\/www.groupevocalarcenciel.fr\/?page_id=637","title":{"rendered":"La salle du R\u00e9al"},"content":{"rendered":"<p>Dans le ann\u00e9es 90, sur l&rsquo;insistance du Groupe Vocal ARC en CIEL, des adjoints \u00e0 la Culture Messieurs Pierre RAOUL et Guy DE HAUT, de plusieurs autres Adjoint, Claude MARTEL, Jean-Baptiste TRON et de Gustave CESTIER ancien Maire, qui croyaient en l&rsquo;action du Groupe, la Salle du R\u00e9al a vu le jour. Non sans certaines discussions \u00e2pres et passionn\u00e9es au sein du Conseil Municipal de l&rsquo;\u00e9poque.<\/p>\n<p>A la place de la vieille remise d&rsquo;exp\u00e9diteur sise sur l&rsquo;actuel parking de la Halte routi\u00e8re,\u00a0vieux b\u00e2timent propos\u00e9 par la municipalit\u00e9 au Groupe Vocal ARC en CIEL, froid en hiver, chaud en \u00e9t\u00e9, WC \u00e0 l&rsquo;ext\u00e9rieur, pas de point d&rsquo;eau, mais\u00a0dans laquelle r\u00e9gnait un\u00a0esprit de forte convivialit\u00e9, une nouvelle salle a vu le jour. Ce devait \u00eatre une petite salle de r\u00e9p\u00e9titions.<\/p>\n<p>La salle du R\u00e9al d&rsquo;aujourd&rsquo;hui est une sympathique petite salle de r\u00e9p\u00e9titions et de spectacles que de nombreuses troupes du Festival OFF d&rsquo;Avignon pourraient nous envier. Climatisation, loges, r\u00e9gie, s\u00e9curit\u00e9, sanitaires, gradins r\u00e9tractables. 110 places confortables.<\/p>\n<p>Au fil du temps et des conseils municipaux, les installations ont \u00e9t\u00e9 enrichies, loges, gril de sc\u00e8ne, rideaux (action soutenue par Marc ISCHARD notamment et par Bernard REYNES D\u00e9put\u00e9-Maire).<\/p>\n<p>De nombreuses associations y r\u00e9p\u00e8tent; th\u00e9\u00e2tre, chant, danse. Des spectacles \u00a0y sont produits r\u00e9guli\u00e8rement \u00e0\u00a0l&rsquo;initiative d&rsquo;associations locales ou de l&rsquo;Office Municipal de la Culture.<\/p>\n<p>Le Groupe Vocal ARC en CIEL remercie la municipalit\u00e9 actuelle et les \u00e9quipes pass\u00e9es pour avoir mis \u00e0 disposition des associations du spectacle ce bel outil.<\/p>\n","protected":false},"excerpt":{"rendered":"<p>Dans le ann\u00e9es 90, sur l&rsquo;insistance du Groupe Vocal ARC en CIEL, des adjoints \u00e0 la Culture Messieurs Pierre RAOUL et Guy DE HAUT, de plusieurs autres Adjoint, Claude MARTEL, Jean-Baptiste TRON et de Gustave CESTIER ancien Maire, qui croyaient &hellip; <a href=\"https:\/\/www.groupevocalarcenciel.fr\/?page_id=637\">Continuer la lecture <span class=\"meta-nav\">&rarr;<\/span><\/a><\/p>\n","protected":false},"author":2,"featured_media":0,"parent":739,"menu_order":5,"comment_status":"closed","ping_status":"closed","template":"","meta":[],"_links":{"self":[{"href":"https:\/\/www.groupevocalarcenciel.fr\/index.php?rest_route=\/wp\/v2\/pages\/637"}],"collection":[{"href":"https:\/\/www.groupevocalarcenciel.fr\/index.php?rest_route=\/wp\/v2\/pages"}],"about":[{"href":"https:\/\/www.groupevocalarcenciel.fr\/index.php?rest_route=\/wp\/v2\/types\/page"}],"author":[{"embeddable":true,"href":"https:\/\/www.groupevocalarcenciel.fr\/index.php?rest_route=\/wp\/v2\/users\/2"}],"replies":[{"embeddable":true,"href":"https:\/\/www.groupevocalarcenciel.fr\/index.php?rest_route=%2Fwp%2Fv2%2Fcomments&post=637"}],"version-history":[{"count":11,"href":"https:\/\/www.groupevocalarcenciel.fr\/index.php?rest_route=\/wp\/v2\/pages\/637\/revisions"}],"predecessor-version":[{"id":3457,"href":"https:\/\/www.groupevocalarcenciel.fr\/index.php?rest_route=\/wp\/v2\/pages\/637\/revisions\/3457"}],"up":[{"embeddable":true,"href":"https:\/\/www.groupevocalarcenciel.fr\/index.php?rest_route=\/wp\/v2\/pages\/739"}],"wp:attachment":[{"href":"https:\/\/www.groupevocalarcenciel.fr\/index.php?rest_route=%2Fwp%2Fv2%2Fmedia&parent=637"}],"curies":[{"name":"wp","href":"https:\/\/api.w.org\/{rel}","templated":true}]}}