{"id":2938,"date":"2017-11-19T17:46:35","date_gmt":"2017-11-19T17:46:35","guid":{"rendered":"http:\/\/www.groupevocalarcenciel.fr\/?page_id=2938"},"modified":"2024-02-11T12:27:01","modified_gmt":"2024-02-11T11:27:01","slug":"hommage-a-guy-de-haut-de-sigy","status":"publish","type":"page","link":"https:\/\/www.groupevocalarcenciel.fr\/?page_id=2938","title":{"rendered":"Guy De Haut De Sigy"},"content":{"rendered":"<p><strong>Le spectacle &lsquo;Champ libre&rsquo;, cr\u00e9\u00e9 en 1990 commen\u00e7ait par ce titre &lsquo;Il est mort, le piano&rsquo;. Et suivait cette question &lsquo;Est-il vraiment mort?&rsquo;.<\/strong><\/p>\n<p>Aujourd&rsquo;hui, nous voyons partir un homme qui a soutenu et qui a particip\u00e9 \u00e0 l&rsquo;activit\u00e9 du Groupe Vocal ARC en CIEL de mani\u00e8re importante, Guy De Haut de Sigy. <img loading=\"lazy\" class=\"aligncenter wp-image-2911\" src=\"https:\/\/www.groupevocalarcenciel.fr\/wp-content\/uploads\/2012\/02\/Guy_De_Haut002.jpg\" alt=\"\" width=\"150\" height=\"240\" srcset=\"https:\/\/www.groupevocalarcenciel.fr\/wp-content\/uploads\/2012\/02\/Guy_De_Haut002.jpg 400w, https:\/\/www.groupevocalarcenciel.fr\/wp-content\/uploads\/2012\/02\/Guy_De_Haut002-188x300.jpg 188w\" sizes=\"(max-width: 150px) 100vw, 150px\" \/><\/p>\n<p>Il avait ordonn\u00e9 notre premier spectacle de No\u00ebl et \u00e9crit de textes d&rsquo;une grande finesse.<\/p>\n<p>Il avait cr\u00e9\u00e9 un diaporama tr\u00e8s &lsquo;\u00e9colo&rsquo; pour &lsquo;Champ Libre&rsquo; jusqu&rsquo;au point de transporter \u00e0 tous les deux un vieux piano au milieu des l\u00e9gumes de la d\u00e9charge des Iscles un dimanche apr\u00e8s-midi.<\/p>\n<p><img loading=\"lazy\" class=\"aligncenter size-full wp-image-2905\" src=\"https:\/\/www.groupevocalarcenciel.fr\/wp-content\/uploads\/2012\/02\/Piano.jpg\" alt=\"\" width=\"650\" height=\"473\" srcset=\"https:\/\/www.groupevocalarcenciel.fr\/wp-content\/uploads\/2012\/02\/Piano.jpg 650w, https:\/\/www.groupevocalarcenciel.fr\/wp-content\/uploads\/2012\/02\/Piano-300x218.jpg 300w\" sizes=\"(max-width: 650px) 100vw, 650px\" \/><\/p>\n<p>En tant qu&rsquo;Adjoint \u00e0 la Culture, il avait lanc\u00e9 le projet de la nouvelle salle du R\u00e9al.<\/p>\n<p>Est t-il vraiment mort le piano?<\/p>\n<p>Nous te remercions Guy d&rsquo;avoir cru dans notre action et soutenu notre activit\u00e9.<\/p>\n<p>Adieu!<\/p>\n","protected":false},"excerpt":{"rendered":"<p>Le spectacle &lsquo;Champ libre&rsquo;, cr\u00e9\u00e9 en 1990 commen\u00e7ait par ce titre &lsquo;Il est mort, le piano&rsquo;. Et suivait cette question &lsquo;Est-il vraiment mort?&rsquo;. Aujourd&rsquo;hui, nous voyons partir un homme qui a soutenu et qui a particip\u00e9 \u00e0 l&rsquo;activit\u00e9 du Groupe &hellip; <a href=\"https:\/\/www.groupevocalarcenciel.fr\/?page_id=2938\">Continuer la lecture <span class=\"meta-nav\">&rarr;<\/span><\/a><\/p>\n","protected":false},"author":2,"featured_media":0,"parent":3465,"menu_order":20,"comment_status":"closed","ping_status":"closed","template":"","meta":[],"_links":{"self":[{"href":"https:\/\/www.groupevocalarcenciel.fr\/index.php?rest_route=\/wp\/v2\/pages\/2938"}],"collection":[{"href":"https:\/\/www.groupevocalarcenciel.fr\/index.php?rest_route=\/wp\/v2\/pages"}],"about":[{"href":"https:\/\/www.groupevocalarcenciel.fr\/index.php?rest_route=\/wp\/v2\/types\/page"}],"author":[{"embeddable":true,"href":"https:\/\/www.groupevocalarcenciel.fr\/index.php?rest_route=\/wp\/v2\/users\/2"}],"replies":[{"embeddable":true,"href":"https:\/\/www.groupevocalarcenciel.fr\/index.php?rest_route=%2Fwp%2Fv2%2Fcomments&post=2938"}],"version-history":[{"count":3,"href":"https:\/\/www.groupevocalarcenciel.fr\/index.php?rest_route=\/wp\/v2\/pages\/2938\/revisions"}],"predecessor-version":[{"id":4093,"href":"https:\/\/www.groupevocalarcenciel.fr\/index.php?rest_route=\/wp\/v2\/pages\/2938\/revisions\/4093"}],"up":[{"embeddable":true,"href":"https:\/\/www.groupevocalarcenciel.fr\/index.php?rest_route=\/wp\/v2\/pages\/3465"}],"wp:attachment":[{"href":"https:\/\/www.groupevocalarcenciel.fr\/index.php?rest_route=%2Fwp%2Fv2%2Fmedia&parent=2938"}],"curies":[{"name":"wp","href":"https:\/\/api.w.org\/{rel}","templated":true}]}}