{"id":2766,"date":"2017-07-25T21:41:06","date_gmt":"2017-07-25T21:41:06","guid":{"rendered":"http:\/\/www.groupevocalarcenciel.fr\/?page_id=2766"},"modified":"2017-08-04T18:15:12","modified_gmt":"2017-08-04T18:15:12","slug":"page-de-destination-de-widget","status":"publish","type":"page","link":"https:\/\/www.groupevocalarcenciel.fr\/?page_id=2766","title":{"rendered":"Photos"},"content":{"rendered":" \n<!-- Start container 1 --><div id=\"wppa-modal-container-1\" class=\"wppa-modal-container\" style=\"position:relative;z-index:100000;\" data-wppa=\"yes\"><\/div><div id=\"wppa-container-wrapper-1\" class=\"wppa-container-wrapper\" style=\"width:100%;clear:both;padding:0;position:relative;\"><div id=\"wppa-container-1\" style=\"width:100%;\" class=\"wppa-container wppa-container-1 wppa-rev-8208006 wppa-prevrev-8008008 wppa-theme-8.2.08.006 wppa-api-8.2.08.006\"><svg id=\"wppa-ajax-spin-1\" class=\"wppa-ajax-spin uil-default\" width=\"120px\" height=\"120px\" viewBox=\"0 0 100 100\" preserveAspectRatio=\"xMidYMid\" stroke=\"\" style=\"width:120px;height:120px;position:fixed;margin-top:-60px;margin-left:-60px;opacity:1;display:none;fill:#666666;background-color:transparent;border-radius:24px\"><rect x=\"0\" y=\"0\" width=\"100\" height=\"100\" fill=\"none\" class=\"bk\"><\/rect><rect class=\"wppa-ajaxspin\" x=\"47\" y=\"40\" width=\"6\" height=\"20\" rx=\"3\" ry=\"3\" transform=\"rotate(0 50 50) translate(0 -32)\"><animate attributeName=\"opacity\" from=\"1\" to=\"0\" dur=\"1.5s\" begin=\"0s\" repeatCount=\"indefinite\" \/><\/rect><rect class=\"wppa-ajaxspin\" x=\"47\" y=\"40\" width=\"6\" height=\"20\" rx=\"3\" ry=\"3\" transform=\"rotate(22.5 50 50) translate(0 -32)\"><animate attributeName=\"opacity\" from=\"1\" to=\"0\" dur=\"1.5s\" begin=\"0.09375s\" repeatCount=\"indefinite\" \/><\/rect><rect class=\"wppa-ajaxspin\" x=\"47\" y=\"40\" width=\"6\" height=\"20\" rx=\"3\" ry=\"3\" transform=\"rotate(45 50 50) translate(0 -32)\"><animate attributeName=\"opacity\" from=\"1\" to=\"0\" dur=\"1.5s\" begin=\"0.1875s\" repeatCount=\"indefinite\" \/><\/rect><rect class=\"wppa-ajaxspin\" x=\"47\" y=\"40\" width=\"6\" height=\"20\" rx=\"3\" ry=\"3\" transform=\"rotate(67.5 50 50) translate(0 -32)\"><animate attributeName=\"opacity\" from=\"1\" to=\"0\" dur=\"1.5s\" begin=\"0.28125s\" repeatCount=\"indefinite\" \/><\/rect><rect class=\"wppa-ajaxspin\" x=\"47\" y=\"40\" width=\"6\" height=\"20\" rx=\"3\" ry=\"3\" transform=\"rotate(90 50 50) translate(0 -32)\"><animate attributeName=\"opacity\" from=\"1\" to=\"0\" dur=\"1.5s\" begin=\"0.375s\" repeatCount=\"indefinite\" \/><\/rect><rect class=\"wppa-ajaxspin\" x=\"47\" y=\"40\" width=\"6\" height=\"20\" rx=\"3\" ry=\"3\" transform=\"rotate(112.5 50 50) translate(0 -32)\"><animate attributeName=\"opacity\" from=\"1\" to=\"0\" dur=\"1.5s\" begin=\"0.46875s\" repeatCount=\"indefinite\" \/><\/rect><rect class=\"wppa-ajaxspin\" x=\"47\" y=\"40\" width=\"6\" height=\"20\" rx=\"3\" ry=\"3\" transform=\"rotate(135 50 50) translate(0 -32)\"><animate attributeName=\"opacity\" from=\"1\" to=\"0\" dur=\"1.5s\" begin=\"0.5625s\" repeatCount=\"indefinite\" \/><\/rect><rect class=\"wppa-ajaxspin\" x=\"47\" y=\"40\" width=\"6\" height=\"20\" rx=\"3\" ry=\"3\" transform=\"rotate(157.5 50 50) translate(0 -32)\"><animate attributeName=\"opacity\" from=\"1\" to=\"0\" dur=\"1.5s\" begin=\"0.65625s\" repeatCount=\"indefinite\" \/><\/rect><rect class=\"wppa-ajaxspin\" x=\"47\" y=\"40\" width=\"6\" height=\"20\" rx=\"3\" ry=\"3\" transform=\"rotate(180 50 50) translate(0 -32)\"><animate attributeName=\"opacity\" from=\"1\" to=\"0\" dur=\"1.5s\" begin=\"0.75s\" repeatCount=\"indefinite\" \/><\/rect><rect class=\"wppa-ajaxspin\" x=\"47\" y=\"40\" width=\"6\" height=\"20\" rx=\"3\" ry=\"3\" transform=\"rotate(202.5 50 50) translate(0 -32)\"><animate attributeName=\"opacity\" from=\"1\" to=\"0\" dur=\"1.5s\" begin=\"0.84375s\" repeatCount=\"indefinite\" \/><\/rect><rect class=\"wppa-ajaxspin\" x=\"47\" y=\"40\" width=\"6\" height=\"20\" rx=\"3\" ry=\"3\" transform=\"rotate(225 50 50) translate(0 -32)\"><animate attributeName=\"opacity\" from=\"1\" to=\"0\" dur=\"1.5s\" begin=\"0.9375s\" repeatCount=\"indefinite\" \/><\/rect><rect class=\"wppa-ajaxspin\" x=\"47\" y=\"40\" width=\"6\" height=\"20\" rx=\"3\" ry=\"3\" transform=\"rotate(247.5 50 50) translate(0 -32)\"><animate attributeName=\"opacity\" from=\"1\" to=\"0\" dur=\"1.5s\" begin=\"1.03125s\" repeatCount=\"indefinite\" \/><\/rect><rect class=\"wppa-ajaxspin\" x=\"47\" y=\"40\" width=\"6\" height=\"20\" rx=\"3\" ry=\"3\" transform=\"rotate(270 50 50) translate(0 -32)\"><animate attributeName=\"opacity\" from=\"1\" to=\"0\" dur=\"1.5s\" begin=\"1.125s\" repeatCount=\"indefinite\" \/><\/rect><rect class=\"wppa-ajaxspin\" x=\"47\" y=\"40\" width=\"6\" height=\"20\" rx=\"3\" ry=\"3\" transform=\"rotate(292.5 50 50) translate(0 -32)\"><animate attributeName=\"opacity\" from=\"1\" to=\"0\" dur=\"1.5s\" begin=\"1.21875s\" repeatCount=\"indefinite\" \/><\/rect><rect class=\"wppa-ajaxspin\" x=\"47\" y=\"40\" width=\"6\" height=\"20\" rx=\"3\" ry=\"3\" transform=\"rotate(315 50 50) translate(0 -32)\"><animate attributeName=\"opacity\" from=\"1\" to=\"0\" dur=\"1.5s\" begin=\"1.3125s\" repeatCount=\"indefinite\" \/><\/rect><rect class=\"wppa-ajaxspin\" x=\"47\" y=\"40\" width=\"6\" height=\"20\" rx=\"3\" ry=\"3\" transform=\"rotate(337.5 50 50) translate(0 -32)\"><animate attributeName=\"opacity\" from=\"1\" to=\"0\" dur=\"1.5s\" begin=\"1.40625s\" repeatCount=\"indefinite\" \/><\/rect><\/svg><input type=\"hidden\" id=\"wppa-nonce-0-1\" name=\"wppa-nonce\" value=\"3503159bbf\" \/><div id=\"wppa-bc-1\" class=\"wppa-nav wppa-box wppa-nav-text wppa-bc\" ><a href=\"https:\/\/www.groupevocalarcenciel.fr#wppa-container-1\" class=\"wppa-nav-text b1\" style=\"cursor:pointer\" title=\"Le Groupe Vocal ARC en CIEL de Ch\u00e2teaurenard de Provence (13160)\">Accueil<\/a><span class=\"wppa-nav-text b1\"> &raquo; <\/span><span id=\"bc-pname-1\" class=\"wppa-nav-text b3\" style=\"cursor:pointer;\" title=\"Page: Photos\">Photos<\/span><div style=\"clear:both\"><\/div><\/div><div id=\"wppa-albumlist-1\" style=\"overflow:auto;\" class=\"albumlist\" onscroll=\"wppaMakeLazyVisibleScrollEnd();\"><div id=\"album-21-1\" class=\"wppa-album-cover-standard album wppa-box wppa-cover-box wppa-cover-box-1\" style=\"width:100%;clear:both;\"><div id=\"covertext_frame_21_1\" class=\"wppa-text-frame-1 wppa-text-frame wppa-cover-text-frame wppa-asym-text-frame-1\" style=\"width:459px; float:left\"><h2 class=\"wppa-title\" style=\"clear:none;\"><a onclick=\"wppaDoAjaxRender( 1, 'https:\/\/www.groupevocalarcenciel.fr\/wppaajax?action=wppa&wppa-action=render&wppa-size=640&wppa-occur=1&wppa-fromp=2766&lang=fr&wppa-album=21&wppa-slide=1&wppa-occur=1', 'https:\/\/www.groupevocalarcenciel.fr\/?page_id=2766&lang=fr&wppa-album=21&wppa-slide=1&wppa-occur=1' )\" title=\"Visualiser l'album PlaceS aux chansonS 11 juin 2016\" class=\"wppa-title\" style=\"cursor:pointer\">PlaceS aux chansonS 11 juin 2016<\/a><\/h2><div class=\"wppa-box-text wppa-black wppa-box-text-desc\" style=\"min-height:54px;\"><\/div><div class=\"wppa-box-text wppa-black wppa-info wppa-slideshow-browse-link wppa-album-cover-link\"><a class=\"wppa-album-cover-link\" onclick=\"wppaDoAjaxRender( 1, 'https:\/\/www.groupevocalarcenciel.fr\/wppaajax?action=wppa&wppa-action=render&wppa-size=640&wppa-occur=1&wppa-fromp=2766&lang=fr&wppa-album=21&wppa-slide=1&wppa-occur=1', 'https:\/\/www.groupevocalarcenciel.fr\/?page_id=2766&lang=fr&wppa-album=21&wppa-slide=1&wppa-occur=1' )\" title=\"Diaporama\" style=\"cursor:pointer\">Diaporama<\/a><\/div><div class=\"wppa-box-text wppa-black wppa-info wppa-viewlink wppa-album-cover-link\"><a class=\"wppa-album-cover-link\" onclick=\"wppaDoAjaxRender( 1, 'https:\/\/www.groupevocalarcenciel.fr\/wppaajax?action=wppa&wppa-action=render&wppa-size=640&wppa-occur=1&wppa-fromp=2766&lang=fr&wppa-album=21&wppa-cover=0&wppa-occur=1', 'https:\/\/www.groupevocalarcenciel.fr\/?page_id=2766&lang=fr&wppa-album=21&wppa-cover=0&wppa-occur=1' )\" title=\"Visualiser l'album PlaceS aux chansonS 11 juin 2016\" style=\"cursor:pointer\">Voir&nbsp;78&nbsp;photos<\/a><\/div><\/div><div style=\"clear:both;\"><\/div><\/div><div id=\"album-22-1\" class=\"wppa-album-cover-standard album wppa-box wppa-cover-box wppa-cover-box-1\" style=\"width:100%;float:right;\"><div id=\"covertext_frame_22_1\" class=\"wppa-text-frame-1 wppa-text-frame wppa-cover-text-frame wppa-asym-text-frame-1\" style=\"width:459px; float:left\"><h2 class=\"wppa-title\" style=\"clear:none;\"><a onclick=\"wppaDoAjaxRender( 1, 'https:\/\/www.groupevocalarcenciel.fr\/wppaajax?action=wppa&wppa-action=render&wppa-size=640&wppa-occur=1&wppa-fromp=2766&lang=fr&wppa-album=22&wppa-cover=0&wppa-occur=1', 'https:\/\/www.groupevocalarcenciel.fr\/?page_id=2766&lang=fr&wppa-album=22&wppa-cover=0&wppa-occur=1' )\" title=\"Visualiser l'album PlaceS aux Chansons 2018\" class=\"wppa-title\" style=\"cursor:pointer\">PlaceS aux Chansons 2018<\/a><\/h2><div class=\"wppa-box-text wppa-black wppa-box-text-desc\" style=\"min-height:54px;\">Photos du Rassemblement PlaceS aux Chansons 16 juin 2018 troisi\u00e8me Edition<\/div><div class=\"wppa-box-text wppa-black wppa-info wppa-slideshow-browse-link wppa-album-cover-link\"><a class=\"wppa-album-cover-link\" onclick=\"wppaDoAjaxRender( 1, 'https:\/\/www.groupevocalarcenciel.fr\/wppaajax?action=wppa&wppa-action=render&wppa-size=640&wppa-occur=1&wppa-fromp=2766&lang=fr&wppa-album=22&wppa-slide=1&wppa-occur=1', 'https:\/\/www.groupevocalarcenciel.fr\/?page_id=2766&lang=fr&wppa-album=22&wppa-slide=1&wppa-occur=1' )\" title=\"Diaporama\" style=\"cursor:pointer\">Diaporama<\/a><\/div><div class=\"wppa-box-text wppa-black wppa-info wppa-viewlink wppa-album-cover-link\"><a class=\"wppa-album-cover-link\" onclick=\"wppaDoAjaxRender( 1, 'https:\/\/www.groupevocalarcenciel.fr\/wppaajax?action=wppa&wppa-action=render&wppa-size=640&wppa-occur=1&wppa-fromp=2766&lang=fr&wppa-album=22&wppa-cover=0&wppa-occur=1', 'https:\/\/www.groupevocalarcenciel.fr\/?page_id=2766&lang=fr&wppa-album=22&wppa-cover=0&wppa-occur=1' )\" title=\"Visualiser l'album PlaceS aux Chansons 2018\" style=\"cursor:pointer\">Voir&nbsp;100&nbsp;photos<\/a><\/div><\/div><div style=\"clear:both;\"><\/div><\/div><div id=\"album-20-1\" class=\"wppa-album-cover-standard album wppa-box wppa-cover-box wppa-cover-box-1\" style=\"width:100%;float:right;\"><div id=\"covertext_frame_20_1\" class=\"wppa-text-frame-1 wppa-text-frame wppa-cover-text-frame wppa-asym-text-frame-1\" style=\"width:459px; float:left\"><h2 class=\"wppa-title\" style=\"clear:none;\"><a onclick=\"wppaDoAjaxRender( 1, 'https:\/\/www.groupevocalarcenciel.fr\/wppaajax?action=wppa&wppa-action=render&wppa-size=640&wppa-occur=1&wppa-fromp=2766&lang=fr&wppa-album=20&wppa-cover=0&wppa-occur=1', 'https:\/\/www.groupevocalarcenciel.fr\/?page_id=2766&lang=fr&wppa-album=20&wppa-cover=0&wppa-occur=1' )\" title=\"Visualiser l'album Le Printemps des Chorales 2015\" class=\"wppa-title\" style=\"cursor:pointer\">Le Printemps des Chorales 2015<\/a><\/h2><div class=\"wppa-box-text wppa-black wppa-box-text-desc\" style=\"min-height:54px;\"><\/div><div class=\"wppa-box-text wppa-black wppa-info wppa-slideshow-browse-link wppa-album-cover-link\"><a class=\"wppa-album-cover-link\" onclick=\"wppaDoAjaxRender( 1, 'https:\/\/www.groupevocalarcenciel.fr\/wppaajax?action=wppa&wppa-action=render&wppa-size=640&wppa-occur=1&wppa-fromp=2766&lang=fr&wppa-album=20&wppa-slide=1&wppa-occur=1', 'https:\/\/www.groupevocalarcenciel.fr\/?page_id=2766&lang=fr&wppa-album=20&wppa-slide=1&wppa-occur=1' )\" title=\"Diaporama\" style=\"cursor:pointer\">Diaporama<\/a><\/div><div class=\"wppa-box-text wppa-black wppa-info wppa-viewlink wppa-album-cover-link\"><a class=\"wppa-album-cover-link\" onclick=\"wppaDoAjaxRender( 1, 'https:\/\/www.groupevocalarcenciel.fr\/wppaajax?action=wppa&wppa-action=render&wppa-size=640&wppa-occur=1&wppa-fromp=2766&lang=fr&wppa-album=20&wppa-cover=0&wppa-occur=1', 'https:\/\/www.groupevocalarcenciel.fr\/?page_id=2766&lang=fr&wppa-album=20&wppa-cover=0&wppa-occur=1' )\" title=\"Visualiser l'album Le Printemps des Chorales 2015\" style=\"cursor:pointer\">Voir&nbsp;16&nbsp;photos<\/a><\/div><\/div><div style=\"clear:both;\"><\/div><\/div><div id=\"album-8-1\" class=\"wppa-album-cover-standard album wppa-box wppa-cover-box wppa-cover-box-1\" style=\"width:100%;float:right;\"><div id=\"covertext_frame_8_1\" class=\"wppa-text-frame-1 wppa-text-frame wppa-cover-text-frame wppa-asym-text-frame-1\" style=\"width:459px; float:left\"><h2 class=\"wppa-title\" style=\"clear:none;\"><a onclick=\"wppaDoAjaxRender( 1, 'https:\/\/www.groupevocalarcenciel.fr\/wppaajax?action=wppa&wppa-action=render&wppa-size=640&wppa-occur=1&wppa-fromp=2766&lang=fr&wppa-album=8&wppa-cover=0&wppa-occur=1', 'https:\/\/www.groupevocalarcenciel.fr\/?page_id=2766&lang=fr&wppa-album=8&wppa-cover=0&wppa-occur=1' )\" title=\"Visualiser l'album Spectacles_AEC\" class=\"wppa-title\" style=\"cursor:pointer\">Spectacles_AEC<\/a><\/h2><div class=\"wppa-box-text wppa-black wppa-box-text-desc\" style=\"min-height:54px;\">Photos de spectacles du Groupe du d\u00e9but \u00e0 aujourd&#039;hui. &#039;Anachroniques, les Saltimbanques&#039;, &#039;Champ libre&#039;, &#039;M\u00e9lodies d&#039;eau&#039;, &#039;chansons Cabaret&#039;, &#039;F\u00eate de musique&#039; et d&#039;autres.<\/div><div class=\"wppa-box-text wppa-black wppa-info wppa-slideshow-browse-link wppa-album-cover-link\"><a class=\"wppa-album-cover-link\" onclick=\"wppaDoAjaxRender( 1, 'https:\/\/www.groupevocalarcenciel.fr\/wppaajax?action=wppa&wppa-action=render&wppa-size=640&wppa-occur=1&wppa-fromp=2766&lang=fr&wppa-album=8&wppa-slide=1&wppa-occur=1', 'https:\/\/www.groupevocalarcenciel.fr\/?page_id=2766&lang=fr&wppa-album=8&wppa-slide=1&wppa-occur=1' )\" title=\"Diaporama\" style=\"cursor:pointer\">Diaporama<\/a><\/div><div class=\"wppa-box-text wppa-black wppa-info wppa-viewlink wppa-album-cover-link\"><a class=\"wppa-album-cover-link\" onclick=\"wppaDoAjaxRender( 1, 'https:\/\/www.groupevocalarcenciel.fr\/wppaajax?action=wppa&wppa-action=render&wppa-size=640&wppa-occur=1&wppa-fromp=2766&lang=fr&wppa-album=8&wppa-cover=0&wppa-occur=1', 'https:\/\/www.groupevocalarcenciel.fr\/?page_id=2766&lang=fr&wppa-album=8&wppa-cover=0&wppa-occur=1' )\" title=\"Visualiser l'album Spectacles_AEC\" style=\"cursor:pointer\">Voir&nbsp;20&nbsp;photos<\/a><\/div><\/div><div style=\"clear:both;\"><\/div><\/div><div id=\"album-17-1\" class=\"wppa-album-cover-standard album wppa-box wppa-cover-box wppa-cover-box-1\" style=\"width:100%;float:right;\"><div id=\"covertext_frame_17_1\" class=\"wppa-text-frame-1 wppa-text-frame wppa-cover-text-frame wppa-asym-text-frame-1\" style=\"width:459px; float:left\"><h2 class=\"wppa-title\" style=\"clear:none;\"><a onclick=\"wppaDoAjaxRender( 1, 'https:\/\/www.groupevocalarcenciel.fr\/wppaajax?action=wppa&wppa-action=render&wppa-size=640&wppa-occur=1&wppa-fromp=2766&lang=fr&wppa-album=17&wppa-cover=0&wppa-occur=1', 'https:\/\/www.groupevocalarcenciel.fr\/?page_id=2766&lang=fr&wppa-album=17&wppa-cover=0&wppa-occur=1' )\" title=\"Visualiser l'album Rassemblement_20140628\" class=\"wppa-title\" style=\"cursor:pointer\">Rassemblement_20140628<\/a><\/h2><div class=\"wppa-box-text wppa-black wppa-box-text-desc\" style=\"min-height:54px;\">Rassemblement de Choeurs<\/div><div class=\"wppa-box-text wppa-black wppa-info wppa-slideshow-browse-link wppa-album-cover-link\">&nbsp;<\/div><div class=\"wppa-box-text wppa-black wppa-info wppa-viewlink wppa-album-cover-link\"><a class=\"wppa-album-cover-link\" onclick=\"wppaDoAjaxRender( 1, 'https:\/\/www.groupevocalarcenciel.fr\/wppaajax?action=wppa&wppa-action=render&wppa-size=640&wppa-occur=1&wppa-fromp=2766&lang=fr&wppa-album=17&wppa-cover=0&wppa-occur=1', 'https:\/\/www.groupevocalarcenciel.fr\/?page_id=2766&lang=fr&wppa-album=17&wppa-cover=0&wppa-occur=1' )\" title=\"Visualiser l'album Rassemblement_20140628\" style=\"cursor:pointer\">Voir&nbsp;l'album&nbsp;1<\/a><\/div><\/div><div style=\"clear:both;\"><\/div><\/div><div id=\"album-16-1\" class=\"wppa-album-cover-standard album wppa-box wppa-cover-box wppa-cover-box-1\" style=\"width:100%;float:right;\"><div id=\"covertext_frame_16_1\" class=\"wppa-text-frame-1 wppa-text-frame wppa-cover-text-frame wppa-asym-text-frame-1\" style=\"width:459px; float:left\"><h2 class=\"wppa-title\" style=\"clear:none;\"><a onclick=\"wppaDoAjaxRender( 1, 'https:\/\/www.groupevocalarcenciel.fr\/wppaajax?action=wppa&wppa-action=render&wppa-size=640&wppa-occur=1&wppa-fromp=2766&lang=fr&wppa-album=16&wppa-cover=0&wppa-occur=1', 'https:\/\/www.groupevocalarcenciel.fr\/?page_id=2766&lang=fr&wppa-album=16&wppa-cover=0&wppa-occur=1' )\" title=\"Visualiser l'album CONCERT GASTON son Quartet et Arc en Ciel\" class=\"wppa-title\" style=\"cursor:pointer\">CONCERT GASTON son Quartet et Arc en Ciel<\/a><\/h2><div class=\"wppa-box-text wppa-black wppa-box-text-desc\" style=\"min-height:54px;\">Concert donn\u00e9 le 22 mars 2013 au Ch\u00e2teau de Fargues au Pontet (84) sur une id\u00e9e de GASTON, chansons fran\u00e7aises jazz<\/div><div class=\"wppa-box-text wppa-black wppa-info wppa-slideshow-browse-link wppa-album-cover-link\"><a class=\"wppa-album-cover-link\" onclick=\"wppaDoAjaxRender( 1, 'https:\/\/www.groupevocalarcenciel.fr\/wppaajax?action=wppa&wppa-action=render&wppa-size=640&wppa-occur=1&wppa-fromp=2766&lang=fr&wppa-album=16&wppa-slide=1&wppa-occur=1', 'https:\/\/www.groupevocalarcenciel.fr\/?page_id=2766&lang=fr&wppa-album=16&wppa-slide=1&wppa-occur=1' )\" title=\"Diaporama\" style=\"cursor:pointer\">Diaporama<\/a><\/div><div class=\"wppa-box-text wppa-black wppa-info wppa-viewlink wppa-album-cover-link\"><a class=\"wppa-album-cover-link\" onclick=\"wppaDoAjaxRender( 1, 'https:\/\/www.groupevocalarcenciel.fr\/wppaajax?action=wppa&wppa-action=render&wppa-size=640&wppa-occur=1&wppa-fromp=2766&lang=fr&wppa-album=16&wppa-cover=0&wppa-occur=1', 'https:\/\/www.groupevocalarcenciel.fr\/?page_id=2766&lang=fr&wppa-album=16&wppa-cover=0&wppa-occur=1' )\" title=\"Visualiser l'album CONCERT GASTON son Quartet et Arc en Ciel\" style=\"cursor:pointer\">Voir&nbsp;24&nbsp;photos<\/a><\/div><\/div><div style=\"clear:both;\"><\/div><\/div><div id=\"album-7-1\" class=\"wppa-album-cover-standard album wppa-box wppa-cover-box wppa-cover-box-1\" style=\"width:100%;float:right;\"><div id=\"covertext_frame_7_1\" class=\"wppa-text-frame-1 wppa-text-frame wppa-cover-text-frame wppa-asym-text-frame-1\" style=\"width:459px; float:left\"><h2 class=\"wppa-title\" style=\"clear:none;\"><a onclick=\"wppaDoAjaxRender( 1, 'https:\/\/www.groupevocalarcenciel.fr\/wppaajax?action=wppa&wppa-action=render&wppa-size=640&wppa-occur=1&wppa-fromp=2766&lang=fr&wppa-album=7&wppa-cover=0&wppa-occur=1', 'https:\/\/www.groupevocalarcenciel.fr\/?page_id=2766&lang=fr&wppa-album=7&wppa-cover=0&wppa-occur=1' )\" title=\"Visualiser l'album No\u00ebl Chant d&#039;Espoir \" class=\"wppa-title\" style=\"cursor:pointer\">No\u00ebl Chant d&#039;Espoir <\/a><\/h2><div class=\"wppa-box-text wppa-black wppa-box-text-desc\" style=\"min-height:54px;\">Photos du concert de No\u00ebl \u00e0 Ch\u00e2teaurenard avec Nicole RIEU le 27\/11\/2011<\/div><div class=\"wppa-box-text wppa-black wppa-info wppa-slideshow-browse-link wppa-album-cover-link\"><a class=\"wppa-album-cover-link\" onclick=\"wppaDoAjaxRender( 1, 'https:\/\/www.groupevocalarcenciel.fr\/wppaajax?action=wppa&wppa-action=render&wppa-size=640&wppa-occur=1&wppa-fromp=2766&lang=fr&wppa-album=7&wppa-slide=1&wppa-occur=1', 'https:\/\/www.groupevocalarcenciel.fr\/?page_id=2766&lang=fr&wppa-album=7&wppa-slide=1&wppa-occur=1' )\" title=\"Diaporama\" style=\"cursor:pointer\">Diaporama<\/a><\/div><div class=\"wppa-box-text wppa-black wppa-info wppa-viewlink wppa-album-cover-link\"><a class=\"wppa-album-cover-link\" onclick=\"wppaDoAjaxRender( 1, 'https:\/\/www.groupevocalarcenciel.fr\/wppaajax?action=wppa&wppa-action=render&wppa-size=640&wppa-occur=1&wppa-fromp=2766&lang=fr&wppa-album=7&wppa-cover=0&wppa-occur=1', 'https:\/\/www.groupevocalarcenciel.fr\/?page_id=2766&lang=fr&wppa-album=7&wppa-cover=0&wppa-occur=1' )\" title=\"Visualiser l'album No\u00ebl Chant d&#039;Espoir \" style=\"cursor:pointer\">Voir&nbsp;11&nbsp;photos<\/a><\/div><\/div><div style=\"clear:both;\"><\/div><\/div><div id=\"album-5-1\" class=\"wppa-album-cover-standard album wppa-box wppa-cover-box wppa-cover-box-1\" style=\"width:100%;float:right;\"><div id=\"covertext_frame_5_1\" class=\"wppa-text-frame-1 wppa-text-frame wppa-cover-text-frame wppa-asym-text-frame-1\" style=\"width:459px; float:left\"><h2 class=\"wppa-title\" style=\"clear:none;\"><a onclick=\"wppaDoAjaxRender( 1, 'https:\/\/www.groupevocalarcenciel.fr\/wppaajax?action=wppa&wppa-action=render&wppa-size=640&wppa-occur=1&wppa-fromp=2766&lang=fr&wppa-album=5&wppa-cover=0&wppa-occur=1', 'https:\/\/www.groupevocalarcenciel.fr\/?page_id=2766&lang=fr&wppa-album=5&wppa-cover=0&wppa-occur=1' )\" title=\"Visualiser l'album Arc en ciel avec Nicole RIEU, Andr\u00e9 CHIRON, guy BONNET , Ren\u00e9 MELLA et les Copains d&#039;accord\" class=\"wppa-title\" style=\"cursor:pointer\">Arc en ciel avec Nicole RIEU, Andr\u00e9 CHIRON, guy BONNET , Ren\u00e9 MELLA et les Copains d&#039;accord<\/a><\/h2><div class=\"wppa-box-text wppa-black wppa-box-text-desc\" style=\"min-height:54px;\">Photos du Groupe avec des artistes invit\u00e9s<\/div><div class=\"wppa-box-text wppa-black wppa-info wppa-slideshow-browse-link wppa-album-cover-link\"><a class=\"wppa-album-cover-link\" onclick=\"wppaDoAjaxRender( 1, 'https:\/\/www.groupevocalarcenciel.fr\/wppaajax?action=wppa&wppa-action=render&wppa-size=640&wppa-occur=1&wppa-fromp=2766&lang=fr&wppa-album=5&wppa-slide=1&wppa-occur=1', 'https:\/\/www.groupevocalarcenciel.fr\/?page_id=2766&lang=fr&wppa-album=5&wppa-slide=1&wppa-occur=1' )\" title=\"Diaporama\" style=\"cursor:pointer\">Diaporama<\/a><\/div><div class=\"wppa-box-text wppa-black wppa-info wppa-viewlink wppa-album-cover-link\"><a class=\"wppa-album-cover-link\" onclick=\"wppaDoAjaxRender( 1, 'https:\/\/www.groupevocalarcenciel.fr\/wppaajax?action=wppa&wppa-action=render&wppa-size=640&wppa-occur=1&wppa-fromp=2766&lang=fr&wppa-album=5&wppa-cover=0&wppa-occur=1', 'https:\/\/www.groupevocalarcenciel.fr\/?page_id=2766&lang=fr&wppa-album=5&wppa-cover=0&wppa-occur=1' )\" title=\"Visualiser l'album Arc en ciel avec Nicole RIEU, Andr\u00e9 CHIRON, guy BONNET , Ren\u00e9 MELLA et les Copains d&#039;accord\" style=\"cursor:pointer\">Voir&nbsp;13&nbsp;photos<\/a><\/div><\/div><div style=\"clear:both;\"><\/div><\/div><\/div><div style=\"clear:both;\"><\/div><div id=\"wppa-container-1-end\"><\/div><\/div><\/div>\n<!-- End \/index.php?rest_route=%2Fwp%2Fv2%2Fpages%2F2766 oc 1 101 queries in 126.2 ms. at 5 h 17 min. Max mem: 60.50 Mb. -->\n","protected":false},"excerpt":{"rendered":"","protected":false},"author":2,"featured_media":0,"parent":0,"menu_order":500,"comment_status":"closed","ping_status":"closed","template":"","meta":[],"_links":{"self":[{"href":"https:\/\/www.groupevocalarcenciel.fr\/index.php?rest_route=\/wp\/v2\/pages\/2766"}],"collection":[{"href":"https:\/\/www.groupevocalarcenciel.fr\/index.php?rest_route=\/wp\/v2\/pages"}],"about":[{"href":"https:\/\/www.groupevocalarcenciel.fr\/index.php?rest_route=\/wp\/v2\/types\/page"}],"author":[{"embeddable":true,"href":"https:\/\/www.groupevocalarcenciel.fr\/index.php?rest_route=\/wp\/v2\/users\/2"}],"replies":[{"embeddable":true,"href":"https:\/\/www.groupevocalarcenciel.fr\/index.php?rest_route=%2Fwp%2Fv2%2Fcomments&post=2766"}],"version-history":[{"count":3,"href":"https:\/\/www.groupevocalarcenciel.fr\/index.php?rest_route=\/wp\/v2\/pages\/2766\/revisions"}],"predecessor-version":[{"id":2771,"href":"https:\/\/www.groupevocalarcenciel.fr\/index.php?rest_route=\/wp\/v2\/pages\/2766\/revisions\/2771"}],"wp:attachment":[{"href":"https:\/\/www.groupevocalarcenciel.fr\/index.php?rest_route=%2Fwp%2Fv2%2Fmedia&parent=2766"}],"curies":[{"name":"wp","href":"https:\/\/api.w.org\/{rel}","templated":true}]}}