{"id":2176,"date":"2016-04-21T20:01:44","date_gmt":"2016-04-21T20:01:44","guid":{"rendered":"http:\/\/www.groupevocalarcenciel.fr\/?page_id=2176"},"modified":"2017-03-22T16:48:10","modified_gmt":"2017-03-22T16:48:10","slug":"la-place-isidore-rollande","status":"publish","type":"page","link":"https:\/\/www.groupevocalarcenciel.fr\/?page_id=2176","title":{"rendered":"La Place Isidore ROLLANDE"},"content":{"rendered":"<p>La grande Place du Centre Ville de Ch\u00e2teaurenard sur laquelle donne l&rsquo;entr\u00e9e de la M\u00e9diath\u00e8que.<\/p>\n<p><a href=\"https:\/\/www.groupevocalarcenciel.fr\/wp-content\/uploads\/2016\/04\/Rollande_1.jpg\"><img loading=\"lazy\" class=\"aligncenter size-full wp-image-2629\" src=\"https:\/\/www.groupevocalarcenciel.fr\/wp-content\/uploads\/2016\/04\/Rollande_1.jpg\" alt=\"Rollande_1\" width=\"500\" height=\"295\" srcset=\"https:\/\/www.groupevocalarcenciel.fr\/wp-content\/uploads\/2016\/04\/Rollande_1.jpg 500w, https:\/\/www.groupevocalarcenciel.fr\/wp-content\/uploads\/2016\/04\/Rollande_1-300x177.jpg 300w\" sizes=\"(max-width: 500px) 100vw, 500px\" \/><\/a> <a href=\"https:\/\/www.groupevocalarcenciel.fr\/wp-content\/uploads\/2016\/04\/Rollande_2.jpg\"><img loading=\"lazy\" class=\"aligncenter size-full wp-image-2630\" src=\"https:\/\/www.groupevocalarcenciel.fr\/wp-content\/uploads\/2016\/04\/Rollande_2.jpg\" alt=\"Rollande_2\" width=\"1632\" height=\"920\" srcset=\"https:\/\/www.groupevocalarcenciel.fr\/wp-content\/uploads\/2016\/04\/Rollande_2.jpg 1632w, https:\/\/www.groupevocalarcenciel.fr\/wp-content\/uploads\/2016\/04\/Rollande_2-300x169.jpg 300w, https:\/\/www.groupevocalarcenciel.fr\/wp-content\/uploads\/2016\/04\/Rollande_2-1024x577.jpg 1024w\" sizes=\"(max-width: 1632px) 100vw, 1632px\" \/><\/a><\/p>\n<p>&nbsp;<\/p>\n<p>&nbsp;<\/p>\n","protected":false},"excerpt":{"rendered":"<p>La grande Place du Centre Ville de Ch\u00e2teaurenard sur laquelle donne l&rsquo;entr\u00e9e de la M\u00e9diath\u00e8que. &nbsp; &nbsp;<\/p>\n","protected":false},"author":2,"featured_media":0,"parent":2246,"menu_order":5,"comment_status":"closed","ping_status":"closed","template":"","meta":[],"_links":{"self":[{"href":"https:\/\/www.groupevocalarcenciel.fr\/index.php?rest_route=\/wp\/v2\/pages\/2176"}],"collection":[{"href":"https:\/\/www.groupevocalarcenciel.fr\/index.php?rest_route=\/wp\/v2\/pages"}],"about":[{"href":"https:\/\/www.groupevocalarcenciel.fr\/index.php?rest_route=\/wp\/v2\/types\/page"}],"author":[{"embeddable":true,"href":"https:\/\/www.groupevocalarcenciel.fr\/index.php?rest_route=\/wp\/v2\/users\/2"}],"replies":[{"embeddable":true,"href":"https:\/\/www.groupevocalarcenciel.fr\/index.php?rest_route=%2Fwp%2Fv2%2Fcomments&post=2176"}],"version-history":[{"count":2,"href":"https:\/\/www.groupevocalarcenciel.fr\/index.php?rest_route=\/wp\/v2\/pages\/2176\/revisions"}],"predecessor-version":[{"id":2631,"href":"https:\/\/www.groupevocalarcenciel.fr\/index.php?rest_route=\/wp\/v2\/pages\/2176\/revisions\/2631"}],"up":[{"embeddable":true,"href":"https:\/\/www.groupevocalarcenciel.fr\/index.php?rest_route=\/wp\/v2\/pages\/2246"}],"wp:attachment":[{"href":"https:\/\/www.groupevocalarcenciel.fr\/index.php?rest_route=%2Fwp%2Fv2%2Fmedia&parent=2176"}],"curies":[{"name":"wp","href":"https:\/\/api.w.org\/{rel}","templated":true}]}}