{"id":1539,"date":"2014-09-17T13:06:53","date_gmt":"2014-09-17T13:06:53","guid":{"rendered":"http:\/\/www.groupevocalarcenciel.fr\/?page_id=1539"},"modified":"2026-02-24T12:21:22","modified_gmt":"2026-02-24T11:21:22","slug":"prochain-repertoire","status":"publish","type":"page","link":"https:\/\/www.groupevocalarcenciel.fr\/?page_id=1539","title":{"rendered":"R\u00e9pertoire sous la Direction de Denis LEININGER"},"content":{"rendered":"<p><span style=\"font-family: Corbel, sans-serif;\"><span style=\"font-size: x-large;\"><b>R\u00e9pertoire Groupe Vocal ARC en CIEL&nbsp;<\/b><\/span><\/span><\/p>\n<p><span style=\"font-family: Corbel, sans-serif;\"><span style=\"font-size: large;\"><b>Medley Starmania&nbsp;: <\/b>Harm&nbsp;: JC.OUDOT, <\/span><\/span><\/p>\n<p><span style=\"font-family: Corbel, sans-serif;\"><span style=\"font-size: large;\">sauf \u2018la complainte de la serveuse automate\u2019 , &lsquo;Monopolis&rsquo; Harm : D.LEININGER<\/span><\/span><\/p>\n<p><span style=\"font-family: Corbel, sans-serif;\"><span style=\"font-size: medium;\">Quand on arrive en ville<\/span><\/span><\/p>\n<p><span style=\"font-family: Corbel, sans-serif;\"><span style=\"font-size: medium;\">Le blues du businessman<\/span><\/span><\/p>\n<p><span style=\"font-family: Corbel, sans-serif;\"><span style=\"font-size: medium;\">Un gar\u00e7on pas comme les autres (Ziggy)<\/span><\/span><\/p>\n<p><span style=\"font-family: Corbel, sans-serif;\"><span style=\"font-size: medium;\">Les uns contre les autres<\/span><\/span><\/p>\n<p><span style=\"font-family: Corbel, sans-serif;\"><span style=\"font-size: medium;\">La complainte de la serveuse automate<\/span><\/span><\/p>\n<p><span style=\"font-family: Corbel, sans-serif;\"><span style=\"font-size: medium;\">Le monde est stone<\/span><\/span><\/p>\n<p>Monopolis<\/p>\n<p><span style=\"font-family: Corbel, sans-serif;\"><span style=\"font-size: large;\"><b>Medley Delpech&nbsp; : <\/b>Harm&nbsp;: D.LEININGER<\/span><\/span><\/p>\n<p><span style=\"font-family: Corbel, sans-serif;\"><span style=\"font-size: medium;\">Wight is Wight<\/span><\/span><\/p>\n<p>Loin d&rsquo;ici<\/p>\n<p>Vu d&rsquo;avion<\/p>\n<p><span style=\"font-family: Corbel, sans-serif;\"><span style=\"font-size: medium;\">Un coup de pied dans la montagne<\/span><\/span><\/p>\n<p><span style=\"font-family: Corbel, sans-serif;\"><span style=\"font-size: medium;\">Le Loir et Cher (refrain)<\/span><\/span><\/p>\n<p><span style=\"font-family: Corbel, sans-serif;\"><span style=\"font-size: medium;\">Quand j\u2019\u00e9tais chanteur<\/span><\/span><\/p>\n<p><span style=\"font-family: Corbel, sans-serif;\"><span style=\"font-size: medium;\">Chez Laurette<\/span><\/span><\/p>\n<p><span style=\"font-family: Corbel, sans-serif;\"><span style=\"font-size: medium;\">Pour un flirt<\/span><\/span><\/p>\n<p><span style=\"font-family: Corbel, sans-serif;\"><span style=\"font-size: large;\"><b>Autres titres&nbsp;:<\/b><\/span><\/span><\/p>\n<p><span style=\"font-family: Corbel, sans-serif;\"><span style=\"font-size: medium;\">Le capitaine de la rue du Loup Harm&nbsp;: JC.OUDOT<\/span><\/span><\/p>\n<p><span style=\"font-family: Corbel, sans-serif;\"><span style=\"font-size: medium;\">Diego libre dans sa t\u00eate <span style=\"font-size: large;\">Harm&nbsp;: D.LEININGER.<\/span><\/span><\/span><\/p>\n<p><span style=\"font-family: Corbel, sans-serif;\"><span style=\"font-size: medium;\">Salma ya Salama <span style=\"font-size: large;\">Harm&nbsp;: D.LEININGER.<\/span><\/span><\/span><\/p>\n<p><span style=\"font-family: Corbel, sans-serif;\"><span style=\"font-size: medium;\">Salut les amoureux <span style=\"font-size: large;\">Harm&nbsp;: D.LEININGER.<\/span><\/span><\/span><\/p>\n<p>Le marin (Souchon)&nbsp; Harm : D.LEININGER<\/p>\n<p><span style=\"font-family: Corbel, sans-serif;\"><span style=\"font-size: medium;\">Aux champs \u00c9lys\u00e9es Harm : D.LEININGER<\/span><\/span><\/p>\n<p>Demain sera parfait&nbsp; Harm : MARTIN LE REY<\/p>\n<p>Ukraine&nbsp; Harm : D.LEININGER<\/p>\n<p>Clowns&nbsp; &nbsp; Harm : JC.OUDOT<\/p>\n<p>Utile&nbsp; &nbsp;Harm : G.CHEVALLEY&nbsp;&nbsp;<\/p>\n<p><span style=\"font-family: Corbel, sans-serif;\"><span style=\"font-size: medium;\">Soudain (\u00e0 finir) Harm&nbsp;: JC.OUDOT<\/span><\/span><\/p>\n<p><span style=\"font-family: Corbel, sans-serif;\"><span style=\"font-size: medium;\">Dans la rue d\u2019\u00e0 c\u00f4t\u00e9&nbsp; (\u00e0 finir) <span style=\"font-size: large;\">Harm&nbsp;: D.LEININGER.<\/span><\/span><\/span><\/p>\n<p><strong>Pr\u00e9vision :&nbsp;<\/strong><\/p>\n<p>Amsterdam Harm : J.C.OUDOT<\/p>\n<p>La Qu\u00eate Harm : J.C.OUDOT<\/p>\n<p>Foule sentimentale&nbsp; Harm : M.SCHWINGROUBER<\/p>\n<p>Utile Harm : G.CHEVALLEY<\/p>\n<p>My song of you&nbsp; &nbsp;Harm : X.VIDIC<\/p>\n<p>Chanter&nbsp; &nbsp;Harm : J.C.OUDOT (Obispo)<\/p>\n<p>Les ports de l&rsquo;Atlantique Harm : J.C.OUDOT<\/p>\n<p><span style=\"font-family: Corbel, sans-serif;\"><span style=\"font-size: large;\"><b>Classiques&nbsp;:<\/b><\/span><\/span><\/p>\n<p><span style=\"font-family: Corbel, sans-serif;\"><span style=\"font-size: medium;\">Tibi\u00e9 Pa\u00efom<\/span><\/span><\/p>\n<p><span style=\"font-family: Corbel, sans-serif;\"><span style=\"font-size: medium;\">Everybody sing freedom<\/span><\/span><\/p>\n<p><span style=\"font-family: Corbel, sans-serif;\"><span style=\"font-size: medium;\">Heilig<\/span><\/span><\/p>\n<p><span style=\"font-family: Corbel, sans-serif;\"><span style=\"font-size: medium;\">Signore delle cime<\/span><\/span><\/p>\n<p><span style=\"font-family: Corbel, sans-serif;\"><span style=\"font-size: medium;\">Dio vi salve Regina<\/span><\/span><\/p>\n<p><span style=\"font-family: Corbel, sans-serif;\"><span style=\"font-size: medium;\">Le canon de la paix<\/span><\/span><\/p>\n<p>La part \u00e0 Dieu<\/p>\n<p>La pri\u00e8re des Fr\u00e8res Moraves<\/p>\n<p>Le tourdion<\/p>\n\n\n<p><\/p>\n","protected":false},"excerpt":{"rendered":"<p>R\u00e9pertoire Groupe Vocal ARC en CIEL&nbsp; Medley Starmania&nbsp;: Harm&nbsp;: JC.OUDOT, sauf \u2018la complainte de la serveuse automate\u2019 , &lsquo;Monopolis&rsquo; Harm : D.LEININGER Quand on arrive en ville Le blues du businessman Un gar\u00e7on pas comme les autres (Ziggy) Les uns &hellip; <a href=\"https:\/\/www.groupevocalarcenciel.fr\/?page_id=1539\">Continuer la lecture <span class=\"meta-nav\">&rarr;<\/span><\/a><\/p>\n","protected":false},"author":2,"featured_media":0,"parent":753,"menu_order":0,"comment_status":"closed","ping_status":"closed","template":"","meta":[],"_links":{"self":[{"href":"https:\/\/www.groupevocalarcenciel.fr\/index.php?rest_route=\/wp\/v2\/pages\/1539"}],"collection":[{"href":"https:\/\/www.groupevocalarcenciel.fr\/index.php?rest_route=\/wp\/v2\/pages"}],"about":[{"href":"https:\/\/www.groupevocalarcenciel.fr\/index.php?rest_route=\/wp\/v2\/types\/page"}],"author":[{"embeddable":true,"href":"https:\/\/www.groupevocalarcenciel.fr\/index.php?rest_route=\/wp\/v2\/users\/2"}],"replies":[{"embeddable":true,"href":"https:\/\/www.groupevocalarcenciel.fr\/index.php?rest_route=%2Fwp%2Fv2%2Fcomments&post=1539"}],"version-history":[{"count":32,"href":"https:\/\/www.groupevocalarcenciel.fr\/index.php?rest_route=\/wp\/v2\/pages\/1539\/revisions"}],"predecessor-version":[{"id":4163,"href":"https:\/\/www.groupevocalarcenciel.fr\/index.php?rest_route=\/wp\/v2\/pages\/1539\/revisions\/4163"}],"up":[{"embeddable":true,"href":"https:\/\/www.groupevocalarcenciel.fr\/index.php?rest_route=\/wp\/v2\/pages\/753"}],"wp:attachment":[{"href":"https:\/\/www.groupevocalarcenciel.fr\/index.php?rest_route=%2Fwp%2Fv2%2Fmedia&parent=1539"}],"curies":[{"name":"wp","href":"https:\/\/api.w.org\/{rel}","templated":true}]}}